{"id":8,"date":"2018-01-18T03:52:25","date_gmt":"2018-01-18T02:52:25","guid":{"rendered":"http:\/\/kronaction.com\/shop\/?page_id=8"},"modified":"2020-04-02T10:10:19","modified_gmt":"2020-04-02T08:10:19","slug":"welcome","status":"publish","type":"page","link":"https:\/\/kronsafety.com\/shop\/","title":{"rendered":"Produkte"},"content":{"rendered":"<p>Ihr Fachbetrieb f\u00fcr Seiltechnik im Arbeits- und Rettungsbereich.<br \/>Wir erm\u00f6glichen Ihnen ein \u00f6konomisches und sicheres Arbeiten in S\u00fcdtirol.<\/p>\n<p><a href=\"https:\/\/www.kronsafety.com\/shop\/kategorien\/\"><span style=\"color: #ffed00;\">zu den Produktkategorien &#8211;&gt;\u00a0<\/span><\/a><\/p>\n\n\n<p><\/p>\n","protected":false},"excerpt":{"rendered":"<p>Ihr Fachbetrieb f\u00fcr Seiltechnik im Arbeits- und Rettungsbereich.Wir erm\u00f6glichen Ihnen ein \u00f6konomisches und sicheres Arbeiten in S\u00fcdtirol. zu den Produktkategorien &#8211;&gt;\u00a0<\/p>\n","protected":false},"author":1,"featured_media":1161,"parent":0,"menu_order":10,"comment_status":"closed","ping_status":"closed","template":"template-homepage.php","meta":{"footnotes":""},"_links":{"self":[{"href":"https:\/\/kronsafety.com\/shop\/wp-json\/wp\/v2\/pages\/8"}],"collection":[{"href":"https:\/\/kronsafety.com\/shop\/wp-json\/wp\/v2\/pages"}],"about":[{"href":"https:\/\/kronsafety.com\/shop\/wp-json\/wp\/v2\/types\/page"}],"author":[{"embeddable":true,"href":"https:\/\/kronsafety.com\/shop\/wp-json\/wp\/v2\/users\/1"}],"replies":[{"embeddable":true,"href":"https:\/\/kronsafety.com\/shop\/wp-json\/wp\/v2\/comments?post=8"}],"version-history":[{"count":17,"href":"https:\/\/kronsafety.com\/shop\/wp-json\/wp\/v2\/pages\/8\/revisions"}],"predecessor-version":[{"id":1164,"href":"https:\/\/kronsafety.com\/shop\/wp-json\/wp\/v2\/pages\/8\/revisions\/1164"}],"wp:featuredmedia":[{"embeddable":true,"href":"https:\/\/kronsafety.com\/shop\/wp-json\/wp\/v2\/media\/1161"}],"wp:attachment":[{"href":"https:\/\/kronsafety.com\/shop\/wp-json\/wp\/v2\/media?parent=8"}],"curies":[{"name":"wp","href":"https:\/\/api.w.org\/{rel}","templated":true}]}}