{"id":1191,"date":"2020-04-03T14:12:03","date_gmt":"2020-04-03T12:12:03","guid":{"rendered":"http:\/\/kronsafety.com\/shop\/?post_type=product&#038;p=1191"},"modified":"2020-04-03T14:54:50","modified_gmt":"2020-04-03T12:54:50","slug":"set-baumpflege-basic","status":"publish","type":"product","link":"https:\/\/kronsafety.com\/shop\/produkt\/set-baumpflege-basic\/","title":{"rendered":"Set Baumpflege Basic"},"content":{"rendered":"<p>Das Set Basic beinhaltet die Grundausr\u00fcstung zum Baumsteigen &amp; bietet eine breite M\u00f6glichkeit an verschiedenen Anwendungen.<br \/>\nVom Seileinbau mittels Schleuder bis hin zu einer Rettung wurde alles Ber\u00fccksichtigt. Verschiedene Seile f\u00fcr die unterschiedlichen Klettertechniken sind ebenfalls enthalten.<br \/>\nPraktische Aufbewahrungstaschen runden das Set ab.<\/p>\n","protected":false},"excerpt":{"rendered":"<p>Das Set Basic beinhaltet die Grundausr\u00fcstung zum Baumsteigen &amp; bietet eine breite M\u00f6glichkeit an verschiedenen Anwendungen. Vom Seileinbau mittels Schleuder bis hin zu einer Rettung wurde alles Ber\u00fccksichtigt. Verschiedene Seile f\u00fcr die unterschiedlichen Klettertechniken sind ebenfalls enthalten. Praktische Aufbewahrungstaschen runden das Set ab.<\/p>\n","protected":false},"featured_media":1192,"template":"","meta":[],"product_cat":[410],"product_tag":[],"_links":{"self":[{"href":"https:\/\/kronsafety.com\/shop\/wp-json\/wp\/v2\/product\/1191"}],"collection":[{"href":"https:\/\/kronsafety.com\/shop\/wp-json\/wp\/v2\/product"}],"about":[{"href":"https:\/\/kronsafety.com\/shop\/wp-json\/wp\/v2\/types\/product"}],"wp:featuredmedia":[{"embeddable":true,"href":"https:\/\/kronsafety.com\/shop\/wp-json\/wp\/v2\/media\/1192"}],"wp:attachment":[{"href":"https:\/\/kronsafety.com\/shop\/wp-json\/wp\/v2\/media?parent=1191"}],"wp:term":[{"taxonomy":"product_cat","embeddable":true,"href":"https:\/\/kronsafety.com\/shop\/wp-json\/wp\/v2\/product_cat?post=1191"},{"taxonomy":"product_tag","embeddable":true,"href":"https:\/\/kronsafety.com\/shop\/wp-json\/wp\/v2\/product_tag?post=1191"}],"curies":[{"name":"wp","href":"https:\/\/api.w.org\/{rel}","templated":true}]}}