{"id":1242,"date":"2020-04-16T09:41:23","date_gmt":"2020-04-16T07:41:23","guid":{"rendered":"http:\/\/kronsafety.com\/shop\/?post_type=product&#038;p=1242"},"modified":"2020-04-16T09:41:52","modified_gmt":"2020-04-16T07:41:52","slug":"bremselement-geschlossen-fuer-id","status":"publish","type":"product","link":"https:\/\/kronsafety.com\/shop\/produkt\/bremselement-geschlossen-fuer-id\/","title":{"rendered":"Bremselement geschlossen f\u00fcr I&#8217;D"},"content":{"rendered":"<p>Das zus\u00e4tzliche geschlossene Bremselement ist f\u00fcr die selbstbremsenden Abseilger\u00e4te I&#8217;D konzipiert. Es erm\u00f6glicht eine Erh\u00f6hung der Bremsreibung entsprechend der Last und dem Seildurchmesser sowie eine permanente Seilumlenkung in jeder Situation.<br \/>\nKonzipiert f\u00fcr die selbstbremsenden Abseilger\u00e4te I&#8217;D S, I&#8217;D L und I&#8217;D EVAC.<\/p>\n","protected":false},"excerpt":{"rendered":"<p>Das zus\u00e4tzliche geschlossene Bremselement ist f\u00fcr die selbstbremsenden Abseilger\u00e4te I&#8217;D konzipiert. Es erm\u00f6glicht eine Erh\u00f6hung der Bremsreibung entsprechend der Last und dem Seildurchmesser sowie eine permanente Seilumlenkung in jeder Situation. Konzipiert f\u00fcr die selbstbremsenden Abseilger\u00e4te I&#8217;D S, I&#8217;D L und I&#8217;D EVAC.<\/p>\n","protected":false},"featured_media":1243,"template":"","meta":[],"product_cat":[191,192,433],"product_tag":[],"_links":{"self":[{"href":"https:\/\/kronsafety.com\/shop\/wp-json\/wp\/v2\/product\/1242"}],"collection":[{"href":"https:\/\/kronsafety.com\/shop\/wp-json\/wp\/v2\/product"}],"about":[{"href":"https:\/\/kronsafety.com\/shop\/wp-json\/wp\/v2\/types\/product"}],"wp:featuredmedia":[{"embeddable":true,"href":"https:\/\/kronsafety.com\/shop\/wp-json\/wp\/v2\/media\/1243"}],"wp:attachment":[{"href":"https:\/\/kronsafety.com\/shop\/wp-json\/wp\/v2\/media?parent=1242"}],"wp:term":[{"taxonomy":"product_cat","embeddable":true,"href":"https:\/\/kronsafety.com\/shop\/wp-json\/wp\/v2\/product_cat?post=1242"},{"taxonomy":"product_tag","embeddable":true,"href":"https:\/\/kronsafety.com\/shop\/wp-json\/wp\/v2\/product_tag?post=1242"}],"curies":[{"name":"wp","href":"https:\/\/api.w.org\/{rel}","templated":true}]}}