{"id":1244,"date":"2020-04-16T09:59:16","date_gmt":"2020-04-16T07:59:16","guid":{"rendered":"http:\/\/kronsafety.com\/shop\/?post_type=product&#038;p=1244"},"modified":"2020-04-16T10:22:15","modified_gmt":"2020-04-16T08:22:15","slug":"abseilgeraet-escapettor","status":"publish","type":"product","link":"https:\/\/kronsafety.com\/shop\/produkt\/abseilgeraet-escapettor\/","title":{"rendered":"Rettungsger\u00e4t ESCAPETTOR inkl. Seil 5,5 mm. L= 20 mt"},"content":{"rendered":"<p>inkl. Seil 5,5 mm. L= 20 mt<\/p>\n<p>Abseilger\u00e4t f\u00fcr Rettungsaktionen.<br \/>\nIntegriertes 5,5mm Seil in L\u00e4ngen von bis zu 30m.<br \/>\nSelbstsichernde Funktionen, Abstieg mit einer oder zwei H\u00e4nden, Selbstbremsung, Energieableitung und F\u00e4higkeit zur Rettung einer zweiten Person.<br \/>\nMindestgebrauchstemperatur -30\u00b0C.<br \/>\nDas Ger\u00e4t muss nach jedem Einsatz revisionert werden.<\/p>\n","protected":false},"excerpt":{"rendered":"<p>inkl. Seil 5,5 mm. L= 20 mt Abseilger\u00e4t f\u00fcr Rettungsaktionen. Integriertes 5,5mm Seil in L\u00e4ngen von bis zu 30m. Selbstsichernde Funktionen, Abstieg mit einer oder zwei H\u00e4nden, Selbstbremsung, Energieableitung und F\u00e4higkeit zur Rettung einer zweiten Person. Mindestgebrauchstemperatur -30\u00b0C. Das Ger\u00e4t muss nach jedem Einsatz revisionert werden.<\/p>\n","protected":false},"featured_media":1245,"template":"","meta":[],"product_cat":[191,434],"product_tag":[],"_links":{"self":[{"href":"https:\/\/kronsafety.com\/shop\/wp-json\/wp\/v2\/product\/1244"}],"collection":[{"href":"https:\/\/kronsafety.com\/shop\/wp-json\/wp\/v2\/product"}],"about":[{"href":"https:\/\/kronsafety.com\/shop\/wp-json\/wp\/v2\/types\/product"}],"wp:featuredmedia":[{"embeddable":true,"href":"https:\/\/kronsafety.com\/shop\/wp-json\/wp\/v2\/media\/1245"}],"wp:attachment":[{"href":"https:\/\/kronsafety.com\/shop\/wp-json\/wp\/v2\/media?parent=1244"}],"wp:term":[{"taxonomy":"product_cat","embeddable":true,"href":"https:\/\/kronsafety.com\/shop\/wp-json\/wp\/v2\/product_cat?post=1244"},{"taxonomy":"product_tag","embeddable":true,"href":"https:\/\/kronsafety.com\/shop\/wp-json\/wp\/v2\/product_tag?post=1244"}],"curies":[{"name":"wp","href":"https:\/\/api.w.org\/{rel}","templated":true}]}}