{"id":1246,"date":"2020-04-16T10:08:44","date_gmt":"2020-04-16T08:08:44","guid":{"rendered":"http:\/\/kronsafety.com\/shop\/?post_type=product&#038;p=1246"},"modified":"2020-04-16T10:08:44","modified_gmt":"2020-04-16T08:08:44","slug":"rettungsgeraet-wind-escapettor-inkl-seil-55-mm-l-60-mt","status":"publish","type":"product","link":"https:\/\/kronsafety.com\/shop\/produkt\/rettungsgeraet-wind-escapettor-inkl-seil-55-mm-l-60-mt\/","title":{"rendered":"Rettungsger\u00e4t WIND ESCAPETTOR inkl. Seil 5,5 mm. L= 60 mt"},"content":{"rendered":"<p>Abseilger\u00e4t f\u00fcr Rettungsaktionen.<br \/>\nIntegriertes 5,5mm Seil in L\u00e4ngen von bis zu 160m, je nach den Bed\u00fcrfnissen des Kunden.<br \/>\nSelbstsichernde Funktionen, Abstieg mit einer oder zwei H\u00e4nden, Selbstbremsung, Energieableitung und F\u00e4higkeit zur Rettung einer zweiten Person.<br \/>\nMindestgebrauchstemperatur -30\u00b0C.<br \/>\nDas Ger\u00e4t muss nach jedem Einsatz revisionert werden.<\/p>\n","protected":false},"excerpt":{"rendered":"<p>Abseilger\u00e4t f\u00fcr Rettungsaktionen. Integriertes 5,5mm Seil in L\u00e4ngen von bis zu 160m, je nach den Bed\u00fcrfnissen des Kunden. Selbstsichernde Funktionen, Abstieg mit einer oder zwei H\u00e4nden, Selbstbremsung, Energieableitung und F\u00e4higkeit zur Rettung einer zweiten Person. Mindestgebrauchstemperatur -30\u00b0C. Das Ger\u00e4t muss nach jedem Einsatz revisionert werden.<\/p>\n","protected":false},"featured_media":1247,"template":"","meta":[],"product_cat":[191,434],"product_tag":[],"_links":{"self":[{"href":"https:\/\/kronsafety.com\/shop\/wp-json\/wp\/v2\/product\/1246"}],"collection":[{"href":"https:\/\/kronsafety.com\/shop\/wp-json\/wp\/v2\/product"}],"about":[{"href":"https:\/\/kronsafety.com\/shop\/wp-json\/wp\/v2\/types\/product"}],"wp:featuredmedia":[{"embeddable":true,"href":"https:\/\/kronsafety.com\/shop\/wp-json\/wp\/v2\/media\/1247"}],"wp:attachment":[{"href":"https:\/\/kronsafety.com\/shop\/wp-json\/wp\/v2\/media?parent=1246"}],"wp:term":[{"taxonomy":"product_cat","embeddable":true,"href":"https:\/\/kronsafety.com\/shop\/wp-json\/wp\/v2\/product_cat?post=1246"},{"taxonomy":"product_tag","embeddable":true,"href":"https:\/\/kronsafety.com\/shop\/wp-json\/wp\/v2\/product_tag?post=1246"}],"curies":[{"name":"wp","href":"https:\/\/api.w.org\/{rel}","templated":true}]}}