{"id":1307,"date":"2020-04-17T10:38:13","date_gmt":"2020-04-17T08:38:13","guid":{"rendered":"http:\/\/kronsafety.com\/shop\/?post_type=product&#038;p=1307"},"modified":"2020-04-24T08:56:13","modified_gmt":"2020-04-24T06:56:13","slug":"hoehensicherungsgeraet-15m-mit-rettungshubfunktion","status":"publish","type":"product","link":"https:\/\/kronsafety.com\/shop\/produkt\/hoehensicherungsgeraet-15m-mit-rettungshubfunktion\/","title":{"rendered":"H\u00f6hensicherungsger\u00e4t 15m mit Rettungshubfunktion"},"content":{"rendered":"<p>Eine Kombination aus H\u00f6hensicherungsger\u00e4t und Rettungswinde mit einer maximalen L\u00e4nge von 15m. Im Normalbetrieb kann sich die Person frei bewegen. Im Sturzfall blockiert das Stahlseil mit 4,7mm des HSG sofort. Mit der Handkurbel kann die Person im Notfall nach oben gezogen oder nach unten abgeseilt werden. Bei einem Kraftaufwand von ca. 6 kg am Hebel kann ein Gewicht von 140kg bewegt werden. HSG Hub kann sowohl mit einem Karabiner an einem Dreibeinkopf befestigt werden als auch mit einer optionalen Adapterplatte direkt an einem Bein der Anschlageinrichtung.<\/p>\n","protected":false},"excerpt":{"rendered":"<p>Eine Kombination aus H\u00f6hensicherungsger\u00e4t und Rettungswinde mit einer maximalen L\u00e4nge von 15m. Im Normalbetrieb kann sich die Person frei bewegen. Im Sturzfall blockiert das Stahlseil mit 4,7mm des HSG sofort. Mit der Handkurbel kann die Person im Notfall nach oben gezogen oder nach unten abgeseilt werden. Bei einem Kraftaufwand von ca. 6 kg am Hebel [&hellip;]<\/p>\n","protected":false},"featured_media":1308,"template":"","meta":[],"product_cat":[440,445],"product_tag":[],"_links":{"self":[{"href":"https:\/\/kronsafety.com\/shop\/wp-json\/wp\/v2\/product\/1307"}],"collection":[{"href":"https:\/\/kronsafety.com\/shop\/wp-json\/wp\/v2\/product"}],"about":[{"href":"https:\/\/kronsafety.com\/shop\/wp-json\/wp\/v2\/types\/product"}],"wp:featuredmedia":[{"embeddable":true,"href":"https:\/\/kronsafety.com\/shop\/wp-json\/wp\/v2\/media\/1308"}],"wp:attachment":[{"href":"https:\/\/kronsafety.com\/shop\/wp-json\/wp\/v2\/media?parent=1307"}],"wp:term":[{"taxonomy":"product_cat","embeddable":true,"href":"https:\/\/kronsafety.com\/shop\/wp-json\/wp\/v2\/product_cat?post=1307"},{"taxonomy":"product_tag","embeddable":true,"href":"https:\/\/kronsafety.com\/shop\/wp-json\/wp\/v2\/product_tag?post=1307"}],"curies":[{"name":"wp","href":"https:\/\/api.w.org\/{rel}","templated":true}]}}