{"id":1319,"date":"2020-04-20T07:23:20","date_gmt":"2020-04-20T05:23:20","guid":{"rendered":"http:\/\/kronsafety.com\/shop\/?post_type=product&#038;p=1319"},"modified":"2020-04-23T07:10:47","modified_gmt":"2020-04-23T05:10:47","slug":"dreibein-db-pctopus-mid-inkl-saugnaepfe","status":"publish","type":"product","link":"https:\/\/kronsafety.com\/shop\/produkt\/dreibein-db-pctopus-mid-inkl-saugnaepfe\/","title":{"rendered":"Dreibein DB PCTOPUS MID inkl. Saugn\u00e4pfe"},"content":{"rendered":"<p>Das neue Dreibein mit patentierten Saugn\u00e4pfen:<br \/>\nDas DB OCTOPUS Dreibein verf\u00fcgt \u00fcber patentierte Saugn\u00e4pfe, die f\u00fcr den Einsatz an glatten Oberfl\u00e4chen bis zu 15 Gard Schr\u00e4ge geeignet sind. Dieses Dreibein bietet somit zahlreiche Nutzungsm\u00f6glichkeiten, die bisher nur auf umst\u00e4ndlichere Weise zu l\u00f6sen waren.<br \/>\nEs ist an jedem Bein in f\u00fcnf Stufen teleskopierbar (ca. 25cm). Die F\u00fc\u00dfe sind mit einer Anzeige f\u00fcr sicheren Halt ausgestattet.<br \/>\nFerner verf\u00fcgt das DB OCTOPUS \u00fcber f\u00fcnf vorhandene Anschlag\u00f6sen und eine Abspannkette.<br \/>\nLieferbar alternativ auch mit flachen Klappf\u00fc\u00dfen f\u00fcr ebene Fl\u00e4chen oder Rundf\u00fc\u00dfen mit Kugelgelenken f\u00fcr eine flexible Anpassung an verschiedene Untergr\u00fcnde<br \/>\nZugelassen f\u00fcr zwei Personen!<\/p>\n","protected":false},"excerpt":{"rendered":"<p>Das neue Dreibein mit patentierten Saugn\u00e4pfen: Das DB OCTOPUS Dreibein verf\u00fcgt \u00fcber patentierte Saugn\u00e4pfe, die f\u00fcr den Einsatz an glatten Oberfl\u00e4chen bis zu 15 Gard Schr\u00e4ge geeignet sind. Dieses Dreibein bietet somit zahlreiche Nutzungsm\u00f6glichkeiten, die bisher nur auf umst\u00e4ndlichere Weise zu l\u00f6sen waren. Es ist an jedem Bein in f\u00fcnf Stufen teleskopierbar (ca. 25cm). Die [&hellip;]<\/p>\n","protected":false},"featured_media":1321,"template":"","meta":[],"product_cat":[292,293,439,441],"product_tag":[],"_links":{"self":[{"href":"https:\/\/kronsafety.com\/shop\/wp-json\/wp\/v2\/product\/1319"}],"collection":[{"href":"https:\/\/kronsafety.com\/shop\/wp-json\/wp\/v2\/product"}],"about":[{"href":"https:\/\/kronsafety.com\/shop\/wp-json\/wp\/v2\/types\/product"}],"wp:featuredmedia":[{"embeddable":true,"href":"https:\/\/kronsafety.com\/shop\/wp-json\/wp\/v2\/media\/1321"}],"wp:attachment":[{"href":"https:\/\/kronsafety.com\/shop\/wp-json\/wp\/v2\/media?parent=1319"}],"wp:term":[{"taxonomy":"product_cat","embeddable":true,"href":"https:\/\/kronsafety.com\/shop\/wp-json\/wp\/v2\/product_cat?post=1319"},{"taxonomy":"product_tag","embeddable":true,"href":"https:\/\/kronsafety.com\/shop\/wp-json\/wp\/v2\/product_tag?post=1319"}],"curies":[{"name":"wp","href":"https:\/\/api.w.org\/{rel}","templated":true}]}}