{"id":1328,"date":"2020-04-20T07:32:35","date_gmt":"2020-04-20T05:32:35","guid":{"rendered":"http:\/\/kronsafety.com\/shop\/?post_type=product&#038;p=1328"},"modified":"2020-04-23T07:10:39","modified_gmt":"2020-04-23T05:10:39","slug":"dreibein-cevedale","status":"publish","type":"product","link":"https:\/\/kronsafety.com\/shop\/produkt\/dreibein-cevedale\/","title":{"rendered":"Dreibein CEVEDALE"},"content":{"rendered":"<p>Das Dreibein CEVEDALE ist ein Dreibein aus leichter Aluminiumlegierung, erweiterbar auf 6 Positionen (165\u00f7254 cm) mit zwei winches mit variabler Geschwindigkeit f\u00fcr Eingriffe auf Gletschern, in Schluchten oder Sch\u00e4chten. Leicht und einfach zu benutzen, erm\u00f6glicht eine Verk\u00fcrzung der Eingriffszeiten und eine Anpassung an jegliche Bodenart, sowie den einfachen Transport im entsprechenden Sack aus PVC. Wird mit allen f\u00fcr den Eingriff notwendigen Zubeh\u00f6rteilen geliefert. Die Montagearbeiten sind schnell und einfach. CEVEDALE kann notfalls auch als Bergungsmast verwendet werden.<\/p>\n","protected":false},"excerpt":{"rendered":"<p>Das Dreibein CEVEDALE ist ein Dreibein aus leichter Aluminiumlegierung, erweiterbar auf 6 Positionen (165\u00f7254 cm) mit zwei winches mit variabler Geschwindigkeit f\u00fcr Eingriffe auf Gletschern, in Schluchten oder Sch\u00e4chten. Leicht und einfach zu benutzen, erm\u00f6glicht eine Verk\u00fcrzung der Eingriffszeiten und eine Anpassung an jegliche Bodenart, sowie den einfachen Transport im entsprechenden Sack aus PVC. Wird [&hellip;]<\/p>\n","protected":false},"featured_media":1329,"template":"","meta":[],"product_cat":[439],"product_tag":[],"_links":{"self":[{"href":"https:\/\/kronsafety.com\/shop\/wp-json\/wp\/v2\/product\/1328"}],"collection":[{"href":"https:\/\/kronsafety.com\/shop\/wp-json\/wp\/v2\/product"}],"about":[{"href":"https:\/\/kronsafety.com\/shop\/wp-json\/wp\/v2\/types\/product"}],"wp:featuredmedia":[{"embeddable":true,"href":"https:\/\/kronsafety.com\/shop\/wp-json\/wp\/v2\/media\/1329"}],"wp:attachment":[{"href":"https:\/\/kronsafety.com\/shop\/wp-json\/wp\/v2\/media?parent=1328"}],"wp:term":[{"taxonomy":"product_cat","embeddable":true,"href":"https:\/\/kronsafety.com\/shop\/wp-json\/wp\/v2\/product_cat?post=1328"},{"taxonomy":"product_tag","embeddable":true,"href":"https:\/\/kronsafety.com\/shop\/wp-json\/wp\/v2\/product_tag?post=1328"}],"curies":[{"name":"wp","href":"https:\/\/api.w.org\/{rel}","templated":true}]}}