{"id":1546,"date":"2020-04-23T17:05:20","date_gmt":"2020-04-23T15:05:20","guid":{"rendered":"http:\/\/kronsafety.com\/shop\/?post_type=product&#038;p=1546"},"modified":"2020-04-23T17:23:23","modified_gmt":"2020-04-23T15:23:23","slug":"falldaempfer-eaw-i","status":"publish","type":"product","link":"https:\/\/kronsafety.com\/shop\/produkt\/falldaempfer-eaw-i\/","title":{"rendered":"Falld\u00e4mpfer EAW I"},"content":{"rendered":"<p>Der Falld\u00e4mpfer verringert den Fangsto\u00df und die Verletzungsgefahr im Falle eines Sturzes beim Anwender. Die beim Sturz entwickelte Energie wird durch das Aufrei\u00dfen spezieller F\u00e4den im Gurtband absorbiert.<br \/>\nInklusive Schutzh\u00fclle mit Klettverschluss zur Unterbringung des Falld\u00e4mpfers und zur leichteren regelm\u00e4\u00dfigen \u00dcberpr\u00fcfung.<br \/>\nVersion ohne Karabiner mit einem Gurtband.<br \/>\nEN355<\/p>\n","protected":false},"excerpt":{"rendered":"<p>Der Falld\u00e4mpfer verringert den Fangsto\u00df und die Verletzungsgefahr im Falle eines Sturzes beim Anwender. Die beim Sturz entwickelte Energie wird durch das Aufrei\u00dfen spezieller F\u00e4den im Gurtband absorbiert. Inklusive Schutzh\u00fclle mit Klettverschluss zur Unterbringung des Falld\u00e4mpfers und zur leichteren regelm\u00e4\u00dfigen \u00dcberpr\u00fcfung. Version ohne Karabiner mit einem Gurtband. EN355<\/p>\n","protected":false},"featured_media":1560,"template":"","meta":[],"product_cat":[169],"product_tag":[],"_links":{"self":[{"href":"https:\/\/kronsafety.com\/shop\/wp-json\/wp\/v2\/product\/1546"}],"collection":[{"href":"https:\/\/kronsafety.com\/shop\/wp-json\/wp\/v2\/product"}],"about":[{"href":"https:\/\/kronsafety.com\/shop\/wp-json\/wp\/v2\/types\/product"}],"wp:featuredmedia":[{"embeddable":true,"href":"https:\/\/kronsafety.com\/shop\/wp-json\/wp\/v2\/media\/1560"}],"wp:attachment":[{"href":"https:\/\/kronsafety.com\/shop\/wp-json\/wp\/v2\/media?parent=1546"}],"wp:term":[{"taxonomy":"product_cat","embeddable":true,"href":"https:\/\/kronsafety.com\/shop\/wp-json\/wp\/v2\/product_cat?post=1546"},{"taxonomy":"product_tag","embeddable":true,"href":"https:\/\/kronsafety.com\/shop\/wp-json\/wp\/v2\/product_tag?post=1546"}],"curies":[{"name":"wp","href":"https:\/\/api.w.org\/{rel}","templated":true}]}}