{"id":1575,"date":"2020-04-23T17:49:51","date_gmt":"2020-04-23T15:49:51","guid":{"rendered":"http:\/\/kronsafety.com\/shop\/?post_type=product&#038;p=1575"},"modified":"2020-04-23T18:50:07","modified_gmt":"2020-04-23T16:50:07","slug":"falldaempfer-absorbica-y","status":"publish","type":"product","link":"https:\/\/kronsafety.com\/shop\/produkt\/falldaempfer-absorbica-y\/","title":{"rendered":"Falld\u00e4mpfer ABSORBICA Y"},"content":{"rendered":"<p>Das doppelte ABSORBICA-Y MGO-Verbindungsmittel mit kompaktem Falld\u00e4mpfer ist zur Fortbewegung an einer vertikalen Struktur oder an einem horizontalen Gel\u00e4nderseil und zum Passieren von Zwischensicherungen konzipiert. Es ist in zwei L\u00e4ngen, 80 und 150 cm (ohne Verbindungselemente), verf\u00fcgbar. Die Version 150 cm verf\u00fcgt \u00fcber elastische Str\u00e4nge, um bei der Fortbewegung nicht zu st\u00f6ren. Es ist nach europ\u00e4ischen und russischen Normen zertifiziert.<\/p>\n","protected":false},"excerpt":{"rendered":"[embed]https:\/\/player.vimeo.com\/video\/375443635[\/embed]\n","protected":false},"featured_media":1587,"template":"","meta":[],"product_cat":[169],"product_tag":[],"_links":{"self":[{"href":"https:\/\/kronsafety.com\/shop\/wp-json\/wp\/v2\/product\/1575"}],"collection":[{"href":"https:\/\/kronsafety.com\/shop\/wp-json\/wp\/v2\/product"}],"about":[{"href":"https:\/\/kronsafety.com\/shop\/wp-json\/wp\/v2\/types\/product"}],"wp:featuredmedia":[{"embeddable":true,"href":"https:\/\/kronsafety.com\/shop\/wp-json\/wp\/v2\/media\/1587"}],"wp:attachment":[{"href":"https:\/\/kronsafety.com\/shop\/wp-json\/wp\/v2\/media?parent=1575"}],"wp:term":[{"taxonomy":"product_cat","embeddable":true,"href":"https:\/\/kronsafety.com\/shop\/wp-json\/wp\/v2\/product_cat?post=1575"},{"taxonomy":"product_tag","embeddable":true,"href":"https:\/\/kronsafety.com\/shop\/wp-json\/wp\/v2\/product_tag?post=1575"}],"curies":[{"name":"wp","href":"https:\/\/api.w.org\/{rel}","templated":true}]}}