{"id":1668,"date":"2020-04-24T12:45:25","date_gmt":"2020-04-24T10:45:25","guid":{"rendered":"http:\/\/kronsafety.com\/shop\/?post_type=product&#038;p=1668"},"modified":"2020-04-24T17:14:17","modified_gmt":"2020-04-24T15:14:17","slug":"auffanggeraet-asap-lock","status":"publish","type":"product","link":"https:\/\/kronsafety.com\/shop\/produkt\/auffanggeraet-asap-lock\/","title":{"rendered":"Auffangger\u00e4t ASAP LOCK"},"content":{"rendered":"<p>Das mitlaufende Auffangger\u00e4t ASAP LOCK ist darauf ausgelegt, das Handling f\u00fcr den Anwender beim Aufstieg am Seil zu erleichtern. Bei normaler Verwendung folgt das Ger\u00e4t ohne manuelles Eingreifen automatisch den Bewegungen des Anwenders am Seil. Bei einem Sturz oder abrupter Beschleunigung blockiert das Auffangger\u00e4t am Seil und stoppt den Anwender. Die integrierte Blockierfunktion erm\u00f6glicht es dem Anwender, das Ger\u00e4t zu stoppen, um die Sturzh\u00f6he zu reduzieren. Der Verbindungsarm sch\u00fctzt beim Passieren von Zwischensicherungen vor dem Verlust des Ger\u00e4ts. Das ASAP LOCK wird zusammen mit einem ASAP&#8217;SORBER- oder ASAP&#8217;SORBER AXESS- Falld\u00e4mpfer verwendet, um entfernt vom Seil arbeiten zu k\u00f6nnen.<\/p>\n","protected":false},"excerpt":{"rendered":"<p>https:\/\/player.vimeo.com\/video\/261799197<\/p>\n","protected":false},"featured_media":1669,"template":"","meta":[],"product_cat":[144],"product_tag":[],"_links":{"self":[{"href":"https:\/\/kronsafety.com\/shop\/wp-json\/wp\/v2\/product\/1668"}],"collection":[{"href":"https:\/\/kronsafety.com\/shop\/wp-json\/wp\/v2\/product"}],"about":[{"href":"https:\/\/kronsafety.com\/shop\/wp-json\/wp\/v2\/types\/product"}],"wp:featuredmedia":[{"embeddable":true,"href":"https:\/\/kronsafety.com\/shop\/wp-json\/wp\/v2\/media\/1669"}],"wp:attachment":[{"href":"https:\/\/kronsafety.com\/shop\/wp-json\/wp\/v2\/media?parent=1668"}],"wp:term":[{"taxonomy":"product_cat","embeddable":true,"href":"https:\/\/kronsafety.com\/shop\/wp-json\/wp\/v2\/product_cat?post=1668"},{"taxonomy":"product_tag","embeddable":true,"href":"https:\/\/kronsafety.com\/shop\/wp-json\/wp\/v2\/product_tag?post=1668"}],"curies":[{"name":"wp","href":"https:\/\/api.w.org\/{rel}","templated":true}]}}