{"id":1674,"date":"2020-04-24T12:50:30","date_gmt":"2020-04-24T10:50:30","guid":{"rendered":"http:\/\/kronsafety.com\/shop\/?post_type=product&#038;p=1674"},"modified":"2020-04-24T17:18:37","modified_gmt":"2020-04-24T15:18:37","slug":"auffanggeraet-back-up","status":"publish","type":"product","link":"https:\/\/kronsafety.com\/shop\/produkt\/auffanggeraet-back-up\/","title":{"rendered":"Auffangger\u00e4t BACK UP"},"content":{"rendered":"<p>BACKUP ist das innovative Auffangger\u00e4t von KONG.das den Kletterer sowohl beim Auf- als auch beim Abstieg vor einem m\u00f6glichen Sturz sch\u00fctzt.<br \/>\nDurch Umlegen eines speziellen Hebels wird das Ger\u00e4t blockiert und kann so auch als Positionierungsger\u00e4t oder Steigklemme verwendet werden. Dank des speziellen Aufbaus bew\u00e4ltigt BACK-UP auch den gr\u00f6\u00dftm\u00f6glichen Fangsto\u00df halbdynamisch und vermeidet dabei gleichzeitig den \u00e4u\u00dferst seilsch\u00e4digenden Effekt, den herk\u00f6mmliche selbstblockierende Ger\u00e4te mit gezahnten Klemmbacken auf den Mantel haben.<br \/>\nKarabiner einbezogen.<\/p>\n<p>Inklusive Karabiner OVALONE AUTOBLOCK<\/p>\n","protected":false},"excerpt":{"rendered":"[embed]https:\/\/www.youtube.com\/watch?v=j7avRWYrDsU[\/embed]\n","protected":false},"featured_media":1675,"template":"","meta":[],"product_cat":[144],"product_tag":[],"_links":{"self":[{"href":"https:\/\/kronsafety.com\/shop\/wp-json\/wp\/v2\/product\/1674"}],"collection":[{"href":"https:\/\/kronsafety.com\/shop\/wp-json\/wp\/v2\/product"}],"about":[{"href":"https:\/\/kronsafety.com\/shop\/wp-json\/wp\/v2\/types\/product"}],"wp:featuredmedia":[{"embeddable":true,"href":"https:\/\/kronsafety.com\/shop\/wp-json\/wp\/v2\/media\/1675"}],"wp:attachment":[{"href":"https:\/\/kronsafety.com\/shop\/wp-json\/wp\/v2\/media?parent=1674"}],"wp:term":[{"taxonomy":"product_cat","embeddable":true,"href":"https:\/\/kronsafety.com\/shop\/wp-json\/wp\/v2\/product_cat?post=1674"},{"taxonomy":"product_tag","embeddable":true,"href":"https:\/\/kronsafety.com\/shop\/wp-json\/wp\/v2\/product_tag?post=1674"}],"curies":[{"name":"wp","href":"https:\/\/api.w.org\/{rel}","templated":true}]}}