{"id":169,"date":"2018-02-02T02:05:52","date_gmt":"2018-02-02T01:05:52","guid":{"rendered":"http:\/\/kronaction.com\/shop\/?post_type=product&#038;p=169"},"modified":"2020-08-24T15:42:38","modified_gmt":"2020-08-24T13:42:38","slug":"pegasus","status":"publish","type":"product","link":"https:\/\/kronsafety.com\/shop\/produkt\/pegasus\/","title":{"rendered":"Rettungsdreieck PEGASUS EVACUATION TRIANGLE"},"content":{"rendered":"<p>Pegasus ist das Rettungsdreieck von KONG.<br \/>\nDas geringe Gewicht (690g) erm\u00f6glicht eine schnelle Rettung von verletzten Personen.<br \/>\nDank seiner 15 Anschlagpunkte sowohl f\u00fcr die Rettung von Erwachsenen als auch f\u00fcr die Rettung von Kindern geeignet und es kann schnell und sicher getragen werden.<br \/>\nDieses Produkt, max. Belastbarkeit 200 kg, garantiert m\u00f6gliche Verwendung auch f\u00fcr schwere Menschen.<br \/>\nPegasus ist CE, EAC zertifiziert und ist in \u00dcbereinstimmung mit den Erfordernissen der EASA Certification Memorandum CM-CS-005.<br \/>\nDer hintere Griff kann verwendet werden, um ein F\u00fchrungsseil zu verbinden oder in die Kabine die gerettete Person einzusetzen.<br \/>\nDie Schultertr\u00e4ger (# 873.10) erm\u00f6glichen eine Rettung in beengten R\u00e4umen (Treppen, Stollen, usw.).<br \/>\nUniversalgr\u00f6\u00dfe aus haltbarem Nylon und Cordura. CE EN 1498\/B zertifiziert.<br \/>\nNeue Transporttasche, ergonomisch, kompakt und mit Befestigungspunkt f\u00fcr Auffanggurte oder Hubschrauberwinde ausgestattet.<\/p>\n","protected":false},"excerpt":{"rendered":"<p>Pegasus ist das Rettungsdreieck von KONG. Das geringe Gewicht (690g) erm\u00f6glicht eine schnelle Rettung von verletzten Personen. Dank seiner 15 Anschlagpunkte sowohl f\u00fcr die Rettung von Erwachsenen als auch f\u00fcr die Rettung von Kindern geeignet und es kann schnell und sicher getragen werden. Dieses Produkt, max. Belastbarkeit 200 kg, garantiert m\u00f6gliche Verwendung auch f\u00fcr schwere [&hellip;]<\/p>\n","protected":false},"featured_media":170,"template":"","meta":[],"product_cat":[15,63],"product_tag":[],"_links":{"self":[{"href":"https:\/\/kronsafety.com\/shop\/wp-json\/wp\/v2\/product\/169"}],"collection":[{"href":"https:\/\/kronsafety.com\/shop\/wp-json\/wp\/v2\/product"}],"about":[{"href":"https:\/\/kronsafety.com\/shop\/wp-json\/wp\/v2\/types\/product"}],"wp:featuredmedia":[{"embeddable":true,"href":"https:\/\/kronsafety.com\/shop\/wp-json\/wp\/v2\/media\/170"}],"wp:attachment":[{"href":"https:\/\/kronsafety.com\/shop\/wp-json\/wp\/v2\/media?parent=169"}],"wp:term":[{"taxonomy":"product_cat","embeddable":true,"href":"https:\/\/kronsafety.com\/shop\/wp-json\/wp\/v2\/product_cat?post=169"},{"taxonomy":"product_tag","embeddable":true,"href":"https:\/\/kronsafety.com\/shop\/wp-json\/wp\/v2\/product_tag?post=169"}],"curies":[{"name":"wp","href":"https:\/\/api.w.org\/{rel}","templated":true}]}}