{"id":1717,"date":"2020-05-07T12:33:34","date_gmt":"2020-05-07T10:33:34","guid":{"rendered":"http:\/\/kronsafety.com\/shop\/?post_type=product&#038;p=1717"},"modified":"2020-05-07T12:33:34","modified_gmt":"2020-05-07T10:33:34","slug":"auffanggurt-sierra-duo","status":"publish","type":"product","link":"https:\/\/kronsafety.com\/shop\/produkt\/auffanggurt-sierra-duo\/","title":{"rendered":"Auffanggurt SIERRA DUO"},"content":{"rendered":"<p>Leichter, praktischer und sicherer Auffang-Arbeitsgurt. Mit zwei Anschlagpunkten (Brust und R\u00fccken)<br \/>\nKann mit Positionierungsgurt mod. Safety Belt #8W.002 kombiniert werden.<br \/>\nSchnallen und R\u00fcckenverschluss aus Stahl. Mit zwei gro\u00dfen Materialschlaufen auf der Hinterseite, seitlich.<br \/>\nIn zwei Gr\u00f6\u00dfen erh\u00e4ltlich (M\/L und XL).<br \/>\nQualitativ hochwertig, hergestellt in Italien!<\/p>\n","protected":false},"excerpt":{"rendered":"<p>Leichter, praktischer und sicherer Auffang-Arbeitsgurt. Mit zwei Anschlagpunkten (Brust und R\u00fccken) Kann mit Positionierungsgurt mod. Safety Belt #8W.002 kombiniert werden. Schnallen und R\u00fcckenverschluss aus Stahl. Mit zwei gro\u00dfen Materialschlaufen auf der Hinterseite, seitlich. In zwei Gr\u00f6\u00dfen erh\u00e4ltlich (M\/L und XL). Qualitativ hochwertig, hergestellt in Italien!<\/p>\n","protected":false},"featured_media":1720,"template":"","meta":[],"product_cat":[16],"product_tag":[],"_links":{"self":[{"href":"https:\/\/kronsafety.com\/shop\/wp-json\/wp\/v2\/product\/1717"}],"collection":[{"href":"https:\/\/kronsafety.com\/shop\/wp-json\/wp\/v2\/product"}],"about":[{"href":"https:\/\/kronsafety.com\/shop\/wp-json\/wp\/v2\/types\/product"}],"wp:featuredmedia":[{"embeddable":true,"href":"https:\/\/kronsafety.com\/shop\/wp-json\/wp\/v2\/media\/1720"}],"wp:attachment":[{"href":"https:\/\/kronsafety.com\/shop\/wp-json\/wp\/v2\/media?parent=1717"}],"wp:term":[{"taxonomy":"product_cat","embeddable":true,"href":"https:\/\/kronsafety.com\/shop\/wp-json\/wp\/v2\/product_cat?post=1717"},{"taxonomy":"product_tag","embeddable":true,"href":"https:\/\/kronsafety.com\/shop\/wp-json\/wp\/v2\/product_tag?post=1717"}],"curies":[{"name":"wp","href":"https:\/\/api.w.org\/{rel}","templated":true}]}}