{"id":1869,"date":"2020-08-24T13:20:16","date_gmt":"2020-08-24T11:20:16","guid":{"rendered":"http:\/\/kronsafety.com\/shop\/?post_type=product&#038;p=1869"},"modified":"2020-08-24T13:47:59","modified_gmt":"2020-08-24T11:47:59","slug":"komplettgurt-harness-astro-bod-fast-eur","status":"publish","type":"product","link":"https:\/\/kronsafety.com\/shop\/produkt\/komplettgurt-harness-astro-bod-fast-eur\/","title":{"rendered":"Komplettgurt HARNESS ASTRO BOD FAST EUR"},"content":{"rendered":"<p>Der ASTRO BOD FAST-Gurt mit integrierter CROLL L-Bruststeigklemme wurde konzipiert, um den Komfort des Anwenders beim Aufstieg am Seil zu verbessern. Die ventrale \u00d6se kann zum Einh\u00e4ngen der Ausr\u00fcstung (Seilklemme, Verbindungsmittel, Sitzbrett usw.) ge\u00f6ffnet werden. Halbstarrer, breiter H\u00fcftgurt und Beinschlaufen gew\u00e4hrleisten optimalen Halt. Sie sind vorgeformt und mit atmungsaktivem Schaumstoff gepolstert, um den Komfort beim freih\u00e4ngenden Arbeiten zu verbessern. Selbstverriegelnde DoubleBack-Schnallen an der R\u00fcckseite des Gurts zwischen H\u00fcftgurt und Beinschlaufen erm\u00f6glichen eine k\u00fcrzere Einstellung bei Benutzung der dorsalen Auffang\u00f6se. Mehrere Materialschlaufen und Befestigungsm\u00f6glichkeiten f\u00fcr CARITOOL-Ger\u00e4tehalter und TOOLBAG-Werkzeugtaschen erleichtern den Transport und das Sortieren der Arbeitsger\u00e4te. Der Gurt ist nach europ\u00e4ischen und russischen Normen zertifiziert.<br \/>\nEN361 \/ 358 \/ 813 \/ 12841B \/ EAC<\/p>\n","protected":false},"excerpt":{"rendered":"<p>https:\/\/vimeo.com\/263839718<\/p>\n","protected":false},"featured_media":1875,"template":"","meta":[],"product_cat":[35],"product_tag":[],"_links":{"self":[{"href":"https:\/\/kronsafety.com\/shop\/wp-json\/wp\/v2\/product\/1869"}],"collection":[{"href":"https:\/\/kronsafety.com\/shop\/wp-json\/wp\/v2\/product"}],"about":[{"href":"https:\/\/kronsafety.com\/shop\/wp-json\/wp\/v2\/types\/product"}],"wp:featuredmedia":[{"embeddable":true,"href":"https:\/\/kronsafety.com\/shop\/wp-json\/wp\/v2\/media\/1875"}],"wp:attachment":[{"href":"https:\/\/kronsafety.com\/shop\/wp-json\/wp\/v2\/media?parent=1869"}],"wp:term":[{"taxonomy":"product_cat","embeddable":true,"href":"https:\/\/kronsafety.com\/shop\/wp-json\/wp\/v2\/product_cat?post=1869"},{"taxonomy":"product_tag","embeddable":true,"href":"https:\/\/kronsafety.com\/shop\/wp-json\/wp\/v2\/product_tag?post=1869"}],"curies":[{"name":"wp","href":"https:\/\/api.w.org\/{rel}","templated":true}]}}