{"id":1889,"date":"2020-08-24T13:50:41","date_gmt":"2020-08-24T11:50:41","guid":{"rendered":"http:\/\/kronsafety.com\/shop\/?post_type=product&#038;p=1889"},"modified":"2020-08-24T13:54:35","modified_gmt":"2020-08-24T11:54:35","slug":"sitzgurt-treecore-triple-lock-kopie","status":"publish","type":"product","link":"https:\/\/kronsafety.com\/shop\/produkt\/sitzgurt-treecore-triple-lock-kopie\/","title":{"rendered":"Brustgurt CORE TOP"},"content":{"rendered":"<p>In Kombination mit dem Brustgurt Core Top k\u00f6nnen die Sitzgurte des Core-Systems zu einem Komplettgurt nach EN 361 erweitert werden.<br \/>\nEine vordere und eine r\u00fcckseitige Auffang\u00f6se nach EN 361 zum Einh\u00e4ngen des Auffangsystems<br \/>\nZwei Easy-Glider-Schnallen f\u00fcr passgenaue Einstellung<br \/>\nY-Schulterpolster f\u00fcr angenehmes Tragen. Die Form des Polsters sorgt f\u00fcr optimale Bandf\u00fchrung im Schulterbereich<br \/>\nKompatibel mit Chest Ascender Kit<\/p>\n","protected":false},"excerpt":{"rendered":"<p>In Kombination mit dem Brustgurt Core Top k\u00f6nnen die Sitzgurte des Core-Systems zu einem Komplettgurt nach EN 361 erweitert werden. Eine vordere und eine r\u00fcckseitige Auffang\u00f6se nach EN 361 zum Einh\u00e4ngen des Auffangsystems Zwei Easy-Glider-Schnallen f\u00fcr passgenaue Einstellung Y-Schulterpolster f\u00fcr angenehmes Tragen. Die Form des Polsters sorgt f\u00fcr optimale Bandf\u00fchrung im Schulterbereich Kompatibel mit Chest [&hellip;]<\/p>\n","protected":false},"featured_media":1891,"template":"","meta":[],"product_cat":[58],"product_tag":[],"_links":{"self":[{"href":"https:\/\/kronsafety.com\/shop\/wp-json\/wp\/v2\/product\/1889"}],"collection":[{"href":"https:\/\/kronsafety.com\/shop\/wp-json\/wp\/v2\/product"}],"about":[{"href":"https:\/\/kronsafety.com\/shop\/wp-json\/wp\/v2\/types\/product"}],"wp:featuredmedia":[{"embeddable":true,"href":"https:\/\/kronsafety.com\/shop\/wp-json\/wp\/v2\/media\/1891"}],"wp:attachment":[{"href":"https:\/\/kronsafety.com\/shop\/wp-json\/wp\/v2\/media?parent=1889"}],"wp:term":[{"taxonomy":"product_cat","embeddable":true,"href":"https:\/\/kronsafety.com\/shop\/wp-json\/wp\/v2\/product_cat?post=1889"},{"taxonomy":"product_tag","embeddable":true,"href":"https:\/\/kronsafety.com\/shop\/wp-json\/wp\/v2\/product_tag?post=1889"}],"curies":[{"name":"wp","href":"https:\/\/api.w.org\/{rel}","templated":true}]}}