{"id":1906,"date":"2020-08-24T14:13:39","date_gmt":"2020-08-24T12:13:39","guid":{"rendered":"http:\/\/kronsafety.com\/shop\/?post_type=product&#038;p=1906"},"modified":"2020-08-24T14:51:44","modified_gmt":"2020-08-24T12:51:44","slug":"sitzgurt-sequoia-srt-harness","status":"publish","type":"product","link":"https:\/\/kronsafety.com\/shop\/produkt\/sitzgurt-sequoia-srt-harness\/","title":{"rendered":"Sitzgurt SEQUOIA SRT HARNESS"},"content":{"rendered":"<p>Der SEQUOIA SRT ist ein Baumpflegegurt f\u00fcr den Aufstieg am Einfachseil. Er verf\u00fcgt \u00fcber eine vordere Halte\u00f6se und eine r\u00fcckseitige Schnalle zum Befestigen einer CROLL-Bruststeigklemme mit einem SECUR-Schultertr\u00e4ger. Der SEQUOIA SRT wurde entwickelt, um ein komfortables Arbeiten im Baum zu erm\u00f6glichen. Halbstarre, extra breite Beinschlaufen und H\u00fcftgurt gew\u00e4hrleisten optimalen Halt. Die Seilbr\u00fccke ist mit zwei aufschraubbaren \u00d6sen verbunden, so dass ihre L\u00e4nge angepasst und Zubeh\u00f6r direkt installiert werden kann. Mehrere Materialschlaufen und Befestigungsm\u00f6glichkeiten f\u00fcr CARITOOL-Ger\u00e4tehalter erleichtern den Transport und das Sortieren der Arbeitsger\u00e4te.<\/p>\n","protected":false},"excerpt":{"rendered":"<p>https:\/\/vimeo.com\/337730512<\/p>\n","protected":false},"featured_media":1907,"template":"","meta":[],"product_cat":[58],"product_tag":[],"_links":{"self":[{"href":"https:\/\/kronsafety.com\/shop\/wp-json\/wp\/v2\/product\/1906"}],"collection":[{"href":"https:\/\/kronsafety.com\/shop\/wp-json\/wp\/v2\/product"}],"about":[{"href":"https:\/\/kronsafety.com\/shop\/wp-json\/wp\/v2\/types\/product"}],"wp:featuredmedia":[{"embeddable":true,"href":"https:\/\/kronsafety.com\/shop\/wp-json\/wp\/v2\/media\/1907"}],"wp:attachment":[{"href":"https:\/\/kronsafety.com\/shop\/wp-json\/wp\/v2\/media?parent=1906"}],"wp:term":[{"taxonomy":"product_cat","embeddable":true,"href":"https:\/\/kronsafety.com\/shop\/wp-json\/wp\/v2\/product_cat?post=1906"},{"taxonomy":"product_tag","embeddable":true,"href":"https:\/\/kronsafety.com\/shop\/wp-json\/wp\/v2\/product_tag?post=1906"}],"curies":[{"name":"wp","href":"https:\/\/api.w.org\/{rel}","templated":true}]}}