{"id":2166,"date":"2020-08-26T16:13:46","date_gmt":"2020-08-26T14:13:46","guid":{"rendered":"http:\/\/kronsafety.com\/shop\/?post_type=product&#038;p=2166"},"modified":"2020-08-26T16:15:27","modified_gmt":"2020-08-26T14:15:27","slug":"muetze-beanie","status":"publish","type":"product","link":"https:\/\/kronsafety.com\/shop\/produkt\/muetze-beanie\/","title":{"rendered":"M\u00fctze BEANIE"},"content":{"rendered":"<div class=\"productDescription\">\n<p class=\"productSubtitle\">Vor K\u00e4lte und Wind sch\u00fctzende M\u00fctze<\/p>\n<div class=\"productCaracteristiquesPosition inlineblock\">\n<p class=\"productCaracteristiques inlineblock\">Die BEANIE-M\u00fctze sch\u00fctzt den Kopf an kalten und windigen Tagen. Der spezielle Aufbau der einzelnen Bereiche sorgt f\u00fcr optimalen K\u00e4lteschutz und Feuchtigkeitsregulierung. Dank des eng anliegenden, nahtlosen Schnitts und der seitlichen L\u00fcftungsl\u00f6cher kann die M\u00fctze bequem unter einem Helm getragen werden, ohne den Tr\u00e4ger zu st\u00f6ren.<\/p>\n<\/div>\n<\/div>\n","protected":false},"excerpt":{"rendered":"<p>Vor K\u00e4lte und Wind sch\u00fctzende M\u00fctze Die BEANIE-M\u00fctze sch\u00fctzt den Kopf an kalten und windigen Tagen. Der spezielle Aufbau der einzelnen Bereiche sorgt f\u00fcr optimalen K\u00e4lteschutz und Feuchtigkeitsregulierung. Dank des eng anliegenden, nahtlosen Schnitts und der seitlichen L\u00fcftungsl\u00f6cher kann die M\u00fctze bequem unter einem Helm getragen werden, ohne den Tr\u00e4ger zu st\u00f6ren.<\/p>\n","protected":false},"featured_media":2169,"template":"","meta":[],"product_cat":[452],"product_tag":[],"_links":{"self":[{"href":"https:\/\/kronsafety.com\/shop\/wp-json\/wp\/v2\/product\/2166"}],"collection":[{"href":"https:\/\/kronsafety.com\/shop\/wp-json\/wp\/v2\/product"}],"about":[{"href":"https:\/\/kronsafety.com\/shop\/wp-json\/wp\/v2\/types\/product"}],"wp:featuredmedia":[{"embeddable":true,"href":"https:\/\/kronsafety.com\/shop\/wp-json\/wp\/v2\/media\/2169"}],"wp:attachment":[{"href":"https:\/\/kronsafety.com\/shop\/wp-json\/wp\/v2\/media?parent=2166"}],"wp:term":[{"taxonomy":"product_cat","embeddable":true,"href":"https:\/\/kronsafety.com\/shop\/wp-json\/wp\/v2\/product_cat?post=2166"},{"taxonomy":"product_tag","embeddable":true,"href":"https:\/\/kronsafety.com\/shop\/wp-json\/wp\/v2\/product_tag?post=2166"}],"curies":[{"name":"wp","href":"https:\/\/api.w.org\/{rel}","templated":true}]}}