{"id":2227,"date":"2020-09-28T13:24:24","date_gmt":"2020-09-28T11:24:24","guid":{"rendered":"http:\/\/kronsafety.com\/shop\/?post_type=product&#038;p=2227"},"modified":"2020-09-28T13:27:09","modified_gmt":"2020-09-28T11:27:09","slug":"komfortpolster-single","status":"publish","type":"product","link":"https:\/\/kronsafety.com\/shop\/produkt\/komfortpolster-single\/","title":{"rendered":"Komfortpolster SINGLE f\u00fcr VERTEX &amp; STRATO"},"content":{"rendered":"<p>Standard- oder saugf\u00e4higes Komfortpolster zum Anbringen am Kopfband der Helme VERTEX und STRATO, um die Lebensdauer zu erh\u00f6hen.<\/p>\n","protected":false},"excerpt":{"rendered":"<p>Standard- oder saugf\u00e4higes Komfortpolster zum Anbringen am Kopfband der Helme VERTEX und STRATO, um die Lebensdauer zu erh\u00f6hen.<\/p>\n","protected":false},"featured_media":2230,"template":"","meta":[],"product_cat":[452],"product_tag":[],"_links":{"self":[{"href":"https:\/\/kronsafety.com\/shop\/wp-json\/wp\/v2\/product\/2227"}],"collection":[{"href":"https:\/\/kronsafety.com\/shop\/wp-json\/wp\/v2\/product"}],"about":[{"href":"https:\/\/kronsafety.com\/shop\/wp-json\/wp\/v2\/types\/product"}],"wp:featuredmedia":[{"embeddable":true,"href":"https:\/\/kronsafety.com\/shop\/wp-json\/wp\/v2\/media\/2230"}],"wp:attachment":[{"href":"https:\/\/kronsafety.com\/shop\/wp-json\/wp\/v2\/media?parent=2227"}],"wp:term":[{"taxonomy":"product_cat","embeddable":true,"href":"https:\/\/kronsafety.com\/shop\/wp-json\/wp\/v2\/product_cat?post=2227"},{"taxonomy":"product_tag","embeddable":true,"href":"https:\/\/kronsafety.com\/shop\/wp-json\/wp\/v2\/product_tag?post=2227"}],"curies":[{"name":"wp","href":"https:\/\/api.w.org\/{rel}","templated":true}]}}