{"id":2311,"date":"2024-05-14T08:07:31","date_gmt":"2024-05-14T06:07:31","guid":{"rendered":"http:\/\/kronsafety.com\/shop\/?post_type=product&#038;p=2311"},"modified":"2024-05-14T09:54:26","modified_gmt":"2024-05-14T07:54:26","slug":"gasmessgeraet-g7-exo","status":"publish","type":"product","link":"https:\/\/kronsafety.com\/shop\/produkt\/gasmessgeraet-g7-exo\/","title":{"rendered":"Gasmessger\u00e4t G7 EXO"},"content":{"rendered":"<p>-Laufzeit: 3 Jahre,verl\u00e4ngerbar.<br \/>\n-Kalibrierung: 2x J\u00e4hrlich<br \/>\n-Service Plan: Nicht inklusive!<br \/>\n-Version: Europa (3G\/4G)<br \/>\n-mit Ladeger\u00e4t<\/p>\n<p>*LEL-MPS, detektiert explosive Konzentrationen in der Luft.<br \/>\n*H2S, Schwefelwasserstoff<br \/>\n*O2, Sauerstoff<br \/>\n*CO-H, Kohlenstoffmonoxid, der spezielle CO-H Sensor ist best\u00e4ndig gegen\u00fcber Wasserstoff.<\/p>\n<p>*Pumpenmodul<br \/>\nDas G7 EXO Pumpenmodul bringt Ihre Bereichs\u00fcberwachung einen Schritt weiter. Das optionale vierkanalige Pumpensystem erm\u00f6glicht es Ihnen, bis zu vier Bereiche sequenziell aus einer Entfernung von bis zu 30 Metern in jede Richtung zu \u00fcberwachen. Die Einlassfunktion wird in Blackline Live konfiguriert und erm\u00f6glicht eine ma\u00dfgeschneiderte Multikanalfunktionalit\u00e4t.<\/p>\n","protected":false},"excerpt":{"rendered":"<p><strong>Erkennung von bis zu f\u00fcnf Gasen, mit einem Portfolio von bis zu 20 Gasen zur Auswahl.<\/strong><\/p>\n","protected":false},"featured_media":2313,"template":"","meta":[],"product_cat":[453],"product_tag":[],"_links":{"self":[{"href":"https:\/\/kronsafety.com\/shop\/wp-json\/wp\/v2\/product\/2311"}],"collection":[{"href":"https:\/\/kronsafety.com\/shop\/wp-json\/wp\/v2\/product"}],"about":[{"href":"https:\/\/kronsafety.com\/shop\/wp-json\/wp\/v2\/types\/product"}],"wp:featuredmedia":[{"embeddable":true,"href":"https:\/\/kronsafety.com\/shop\/wp-json\/wp\/v2\/media\/2313"}],"wp:attachment":[{"href":"https:\/\/kronsafety.com\/shop\/wp-json\/wp\/v2\/media?parent=2311"}],"wp:term":[{"taxonomy":"product_cat","embeddable":true,"href":"https:\/\/kronsafety.com\/shop\/wp-json\/wp\/v2\/product_cat?post=2311"},{"taxonomy":"product_tag","embeddable":true,"href":"https:\/\/kronsafety.com\/shop\/wp-json\/wp\/v2\/product_tag?post=2311"}],"curies":[{"name":"wp","href":"https:\/\/api.w.org\/{rel}","templated":true}]}}