{"id":271,"date":"2018-02-12T21:45:13","date_gmt":"2018-02-12T20:45:13","guid":{"rendered":"http:\/\/kronaction.com\/shop\/?post_type=product&#038;p=271"},"modified":"2018-02-12T21:45:13","modified_gmt":"2018-02-12T20:45:13","slug":"zillon","status":"publish","type":"product","link":"https:\/\/kronsafety.com\/shop\/produkt\/zillon\/","title":{"rendered":"Zillon"},"content":{"rendered":"<p>Das einstellbare ZILLON-Verbindungsmittel wurde f\u00fcr die Arbeitsplatzpositionierung des Baumpflegers konzipiert. Es wird an beiden seitlichen Halte\u00f6sen des Gurts befestigt, um die Last auf den H\u00fcftgurt zu verteilen. Es l\u00e4sst sich m\u00fchelos mit einer Hand in kleinen Schritten einstellen.<\/p>\n","protected":false},"excerpt":{"rendered":"<p>Das einstellbare ZILLON-Verbindungsmittel wurde f\u00fcr die Arbeitsplatzpositionierung des Baumpflegers konzipiert. Es wird an beiden seitlichen Halte\u00f6sen des Gurts befestigt, um die Last auf den H\u00fcftgurt zu verteilen. Es l\u00e4sst sich m\u00fchelos mit einer Hand in kleinen Schritten einstellen.<\/p>\n","protected":false},"featured_media":276,"template":"","meta":[],"product_cat":[104],"product_tag":[],"_links":{"self":[{"href":"https:\/\/kronsafety.com\/shop\/wp-json\/wp\/v2\/product\/271"}],"collection":[{"href":"https:\/\/kronsafety.com\/shop\/wp-json\/wp\/v2\/product"}],"about":[{"href":"https:\/\/kronsafety.com\/shop\/wp-json\/wp\/v2\/types\/product"}],"wp:featuredmedia":[{"embeddable":true,"href":"https:\/\/kronsafety.com\/shop\/wp-json\/wp\/v2\/media\/276"}],"wp:attachment":[{"href":"https:\/\/kronsafety.com\/shop\/wp-json\/wp\/v2\/media?parent=271"}],"wp:term":[{"taxonomy":"product_cat","embeddable":true,"href":"https:\/\/kronsafety.com\/shop\/wp-json\/wp\/v2\/product_cat?post=271"},{"taxonomy":"product_tag","embeddable":true,"href":"https:\/\/kronsafety.com\/shop\/wp-json\/wp\/v2\/product_tag?post=271"}],"curies":[{"name":"wp","href":"https:\/\/api.w.org\/{rel}","templated":true}]}}