{"id":362,"date":"2018-02-16T22:47:47","date_gmt":"2018-02-16T21:47:47","guid":{"rendered":"http:\/\/kronaction.com\/shop\/?post_type=product&#038;p=362"},"modified":"2018-02-16T22:56:12","modified_gmt":"2018-02-16T21:56:12","slug":"mini-d","status":"publish","type":"product","link":"https:\/\/kronsafety.com\/shop\/produkt\/mini-d\/","title":{"rendered":"Mini D"},"content":{"rendered":"<p>Der Mini D von ist ein kleiner, besonders leichter Materialkarabiner. Daf\u00fcr besitzt er aber die au\u00dfergew\u00f6hnliche Bruchkraft von 600kg &#8211;&gt; ca. 6kN! Das Aluminium des mit 30g besonders leichten Karabiners wurde von Kong verschieden farbig eloxiert. Erh\u00e4ltlich auch mit Schraubverschluss.<\/p>\n","protected":false},"excerpt":{"rendered":"<p>Der Mini D von ist ein kleiner, besonders leichter Materialkarabiner. Daf\u00fcr besitzt er aber die au\u00dfergew\u00f6hnliche Bruchkraft von 600kg &#8211;&gt; ca. 6kN! Das Aluminium des mit 30g besonders leichten Karabiners wurde von Kong verschieden farbig eloxiert. Erh\u00e4ltlich auch mit Schraubverschluss.<\/p>\n","protected":false},"featured_media":366,"template":"","meta":[],"product_cat":[172],"product_tag":[],"_links":{"self":[{"href":"https:\/\/kronsafety.com\/shop\/wp-json\/wp\/v2\/product\/362"}],"collection":[{"href":"https:\/\/kronsafety.com\/shop\/wp-json\/wp\/v2\/product"}],"about":[{"href":"https:\/\/kronsafety.com\/shop\/wp-json\/wp\/v2\/types\/product"}],"wp:featuredmedia":[{"embeddable":true,"href":"https:\/\/kronsafety.com\/shop\/wp-json\/wp\/v2\/media\/366"}],"wp:attachment":[{"href":"https:\/\/kronsafety.com\/shop\/wp-json\/wp\/v2\/media?parent=362"}],"wp:term":[{"taxonomy":"product_cat","embeddable":true,"href":"https:\/\/kronsafety.com\/shop\/wp-json\/wp\/v2\/product_cat?post=362"},{"taxonomy":"product_tag","embeddable":true,"href":"https:\/\/kronsafety.com\/shop\/wp-json\/wp\/v2\/product_tag?post=362"}],"curies":[{"name":"wp","href":"https:\/\/api.w.org\/{rel}","templated":true}]}}