{"id":411,"date":"2018-02-18T23:18:39","date_gmt":"2018-02-18T22:18:39","guid":{"rendered":"http:\/\/kronaction.com\/shop\/?post_type=product&#038;p=411"},"modified":"2020-04-16T10:03:22","modified_gmt":"2020-04-16T08:03:22","slug":"kes-2","status":"publish","type":"product","link":"https:\/\/kronsafety.com\/shop\/produkt\/kes-2\/","title":{"rendered":"Kes-2"},"content":{"rendered":"<p>Automatisches Abseilger\u00e4t mit zwei Fliehkraftbremsen. Kann im Pendelverkehr verwendet werden. Mit den Augenschrauben kann der Abseilvorgang reguliert werden. Mittels Schotklemme kann der Abseilvorgang jederzeit gestoppt werden. Bei unterschiedlichen Abseilh\u00f6hen kann die Seilklemme Duck eingesetzt werden. Mit dem Handrad ist auch ein Anheben von bis zu 225 kg (2 Personen) m\u00f6glich. Zus\u00e4tzlich kann KES- 2 mit dem Akkuschrauber bedient werden, um das Anheben zu erleichtern.<\/p>\n<p>Geeignet f\u00fcr Feuerwehren, Seilbahnen, Industriekletterer, Hochseilg\u00e4rten, H\u00f6henarbeiten und zur schnellen Rettung mehrerer Personen, da 2 Personen gleichzeitig abgeseilt oder angehoben werden k\u00f6nnen. Das Ger\u00e4t wird mit der erforderlichen Seill\u00e4ng, inklusive Karabiner, fertig konfektioniert geliefert. Auf Wunsch auch vakuumversiegelt lieferbar.<\/p>\n","protected":false},"excerpt":{"rendered":"<p>Automatisches Abseilger\u00e4t mit zwei Fliehkraftbremsen. Kann im Pendelverkehr verwendet werden. Mit den Augenschrauben kann der Abseilvorgang reguliert werden. Mittels Schotklemme kann der Abseilvorgang jederzeit gestoppt werden. Bei unterschiedlichen Abseilh\u00f6hen kann die Seilklemme Duck eingesetzt werden. Mit dem Handrad ist auch ein Anheben von bis zu 225 kg (2 Personen) m\u00f6glich. Zus\u00e4tzlich kann KES- 2 mit [&hellip;]<\/p>\n","protected":false},"featured_media":415,"template":"","meta":[],"product_cat":[191,434],"product_tag":[],"_links":{"self":[{"href":"https:\/\/kronsafety.com\/shop\/wp-json\/wp\/v2\/product\/411"}],"collection":[{"href":"https:\/\/kronsafety.com\/shop\/wp-json\/wp\/v2\/product"}],"about":[{"href":"https:\/\/kronsafety.com\/shop\/wp-json\/wp\/v2\/types\/product"}],"wp:featuredmedia":[{"embeddable":true,"href":"https:\/\/kronsafety.com\/shop\/wp-json\/wp\/v2\/media\/415"}],"wp:attachment":[{"href":"https:\/\/kronsafety.com\/shop\/wp-json\/wp\/v2\/media?parent=411"}],"wp:term":[{"taxonomy":"product_cat","embeddable":true,"href":"https:\/\/kronsafety.com\/shop\/wp-json\/wp\/v2\/product_cat?post=411"},{"taxonomy":"product_tag","embeddable":true,"href":"https:\/\/kronsafety.com\/shop\/wp-json\/wp\/v2\/product_tag?post=411"}],"curies":[{"name":"wp","href":"https:\/\/api.w.org\/{rel}","templated":true}]}}