{"id":439,"date":"2018-02-19T01:03:52","date_gmt":"2018-02-19T00:03:52","guid":{"rendered":"http:\/\/kronaction.com\/shop\/?post_type=product&#038;p=439"},"modified":"2018-02-19T01:03:52","modified_gmt":"2018-02-19T00:03:52","slug":"duck","status":"publish","type":"product","link":"https:\/\/kronsafety.com\/shop\/produkt\/duck\/","title":{"rendered":"Duck"},"content":{"rendered":"<p>Seilklemme f\u00fcr Notfallsituationen. Die Klemme DUCK ist f\u00fcr Einfachseile mit einem Durchmesser von 8 bis 13mm verwendbar. DUCK ist die erste Steigklemme auf der Welt, welche auch auf B\u00e4ndern oder gen\u00e4hten Bandschlingen mit Breiten von 10 bis 15mm funktioniert. Die Dimensionen wurden so reduziert, dass es einfach ist die Klemme mit einer Hand zu bedienen und zu setzen. Im Karabinerloch kann auch ein Schraubkarabiner vollst\u00e4ndig gedreht werden. Die DUCK wurde als Rettungs- und Notsteigklemme konzipiert, speziell f\u00fcr schnelle R\u00fcckz\u00fcge, Rettungsoperationen oder um die Bandschlinge in der L\u00e4nge zu regulieren. Karabiner nicht im Lieferumfang enthalten.<\/p>\n","protected":false},"excerpt":{"rendered":"<p>Seilklemme f\u00fcr Notfallsituationen. Die Klemme DUCK ist f\u00fcr Einfachseile mit einem Durchmesser von 8 bis 13mm verwendbar. DUCK ist die erste Steigklemme auf der Welt, welche auch auf B\u00e4ndern oder gen\u00e4hten Bandschlingen mit Breiten von 10 bis 15mm funktioniert. Die Dimensionen wurden so reduziert, dass es einfach ist die Klemme mit einer Hand zu bedienen [&hellip;]<\/p>\n","protected":false},"featured_media":440,"template":"","meta":[],"product_cat":[233,234],"product_tag":[],"_links":{"self":[{"href":"https:\/\/kronsafety.com\/shop\/wp-json\/wp\/v2\/product\/439"}],"collection":[{"href":"https:\/\/kronsafety.com\/shop\/wp-json\/wp\/v2\/product"}],"about":[{"href":"https:\/\/kronsafety.com\/shop\/wp-json\/wp\/v2\/types\/product"}],"wp:featuredmedia":[{"embeddable":true,"href":"https:\/\/kronsafety.com\/shop\/wp-json\/wp\/v2\/media\/440"}],"wp:attachment":[{"href":"https:\/\/kronsafety.com\/shop\/wp-json\/wp\/v2\/media?parent=439"}],"wp:term":[{"taxonomy":"product_cat","embeddable":true,"href":"https:\/\/kronsafety.com\/shop\/wp-json\/wp\/v2\/product_cat?post=439"},{"taxonomy":"product_tag","embeddable":true,"href":"https:\/\/kronsafety.com\/shop\/wp-json\/wp\/v2\/product_tag?post=439"}],"curies":[{"name":"wp","href":"https:\/\/api.w.org\/{rel}","templated":true}]}}