{"id":455,"date":"2018-02-19T01:29:49","date_gmt":"2018-02-19T00:29:49","guid":{"rendered":"http:\/\/kronaction.com\/shop\/?post_type=product&#038;p=455"},"modified":"2018-02-19T01:29:49","modified_gmt":"2018-02-19T00:29:49","slug":"looping","status":"publish","type":"product","link":"https:\/\/kronsafety.com\/shop\/produkt\/looping\/","title":{"rendered":"Looping"},"content":{"rendered":"<p>Trittleiter mit vier Stufen zum \u00dcberwinden von H\u00f6henunterschieden und als Hilfsmittel bei technischen H\u00f6henarbeiten und Rettungen. Breites verst\u00e4rktes Bandmaterial zum Schutz gegen Abrieb.<\/p>\n","protected":false},"excerpt":{"rendered":"<p>Trittleiter mit vier Stufen zum \u00dcberwinden von H\u00f6henunterschieden und als Hilfsmittel bei technischen H\u00f6henarbeiten und Rettungen. Breites verst\u00e4rktes Bandmaterial zum Schutz gegen Abrieb.<\/p>\n","protected":false},"featured_media":456,"template":"","meta":[],"product_cat":[233,234,245],"product_tag":[],"_links":{"self":[{"href":"https:\/\/kronsafety.com\/shop\/wp-json\/wp\/v2\/product\/455"}],"collection":[{"href":"https:\/\/kronsafety.com\/shop\/wp-json\/wp\/v2\/product"}],"about":[{"href":"https:\/\/kronsafety.com\/shop\/wp-json\/wp\/v2\/types\/product"}],"wp:featuredmedia":[{"embeddable":true,"href":"https:\/\/kronsafety.com\/shop\/wp-json\/wp\/v2\/media\/456"}],"wp:attachment":[{"href":"https:\/\/kronsafety.com\/shop\/wp-json\/wp\/v2\/media?parent=455"}],"wp:term":[{"taxonomy":"product_cat","embeddable":true,"href":"https:\/\/kronsafety.com\/shop\/wp-json\/wp\/v2\/product_cat?post=455"},{"taxonomy":"product_tag","embeddable":true,"href":"https:\/\/kronsafety.com\/shop\/wp-json\/wp\/v2\/product_tag?post=455"}],"curies":[{"name":"wp","href":"https:\/\/api.w.org\/{rel}","templated":true}]}}