{"id":575,"date":"2018-02-26T02:40:20","date_gmt":"2018-02-26T01:40:20","guid":{"rendered":"http:\/\/kronaction.com\/shop\/?post_type=product&#038;p=575"},"modified":"2020-04-21T09:30:28","modified_gmt":"2020-04-21T07:30:28","slug":"skylight","status":"publish","type":"product","link":"https:\/\/kronsafety.com\/shop\/produkt\/skylight\/","title":{"rendered":"T\u00fcranker SKYLIGHT ALU"},"content":{"rendered":"<p>Mobiler Anschlagpunkt zur Befestigung in T\u00fcr- oder Fenster\u00f6ffnungen. Auch geeignet zur Installation am Dachfenster. Im Lieferumfang ist eine passende Aufbewahrungstasche inbegriffen.<\/p>\n","protected":false},"excerpt":{"rendered":"<p>Mobiler Anschlagpunkt zur Befestigung in T\u00fcr- oder Fenster\u00f6ffnungen. Auch geeignet zur Installation am Dachfenster. Im Lieferumfang ist eine passende Aufbewahrungstasche inbegriffen.<\/p>\n","protected":false},"featured_media":576,"template":"","meta":[],"product_cat":[292,293,441],"product_tag":[],"_links":{"self":[{"href":"https:\/\/kronsafety.com\/shop\/wp-json\/wp\/v2\/product\/575"}],"collection":[{"href":"https:\/\/kronsafety.com\/shop\/wp-json\/wp\/v2\/product"}],"about":[{"href":"https:\/\/kronsafety.com\/shop\/wp-json\/wp\/v2\/types\/product"}],"wp:featuredmedia":[{"embeddable":true,"href":"https:\/\/kronsafety.com\/shop\/wp-json\/wp\/v2\/media\/576"}],"wp:attachment":[{"href":"https:\/\/kronsafety.com\/shop\/wp-json\/wp\/v2\/media?parent=575"}],"wp:term":[{"taxonomy":"product_cat","embeddable":true,"href":"https:\/\/kronsafety.com\/shop\/wp-json\/wp\/v2\/product_cat?post=575"},{"taxonomy":"product_tag","embeddable":true,"href":"https:\/\/kronsafety.com\/shop\/wp-json\/wp\/v2\/product_tag?post=575"}],"curies":[{"name":"wp","href":"https:\/\/api.w.org\/{rel}","templated":true}]}}