{"id":751,"date":"2018-03-04T05:00:56","date_gmt":"2018-03-04T04:00:56","guid":{"rendered":"http:\/\/kronaction.com\/shop\/?post_type=product&#038;p=751"},"modified":"2018-03-04T05:00:56","modified_gmt":"2018-03-04T04:00:56","slug":"toolbag-ii","status":"publish","type":"product","link":"https:\/\/kronsafety.com\/shop\/produkt\/toolbag-ii\/","title":{"rendered":"Toolbag II"},"content":{"rendered":"<p>TOOLBAG II ist eine praktische Werkzeugtasche aus gelbem wasserdichten und abriebfesten PVC-Material mit zwei seitlichen Au\u00dfentaschen und einer Innentasche sowie einer Verst\u00e4rkung an der Aufh\u00e4ngung.<\/p>\n<p>Karabiner nicht im Lieferumfang enthalten.<\/p>\n","protected":false},"excerpt":{"rendered":"<p>TOOLBAG II ist eine praktische Werkzeugtasche aus gelbem wasserdichten und abriebfesten PVC-Material mit zwei seitlichen Au\u00dfentaschen und einer Innentasche sowie einer Verst\u00e4rkung an der Aufh\u00e4ngung. Karabiner nicht im Lieferumfang enthalten.<\/p>\n","protected":false},"featured_media":752,"template":"","meta":[],"product_cat":[367,368],"product_tag":[],"_links":{"self":[{"href":"https:\/\/kronsafety.com\/shop\/wp-json\/wp\/v2\/product\/751"}],"collection":[{"href":"https:\/\/kronsafety.com\/shop\/wp-json\/wp\/v2\/product"}],"about":[{"href":"https:\/\/kronsafety.com\/shop\/wp-json\/wp\/v2\/types\/product"}],"wp:featuredmedia":[{"embeddable":true,"href":"https:\/\/kronsafety.com\/shop\/wp-json\/wp\/v2\/media\/752"}],"wp:attachment":[{"href":"https:\/\/kronsafety.com\/shop\/wp-json\/wp\/v2\/media?parent=751"}],"wp:term":[{"taxonomy":"product_cat","embeddable":true,"href":"https:\/\/kronsafety.com\/shop\/wp-json\/wp\/v2\/product_cat?post=751"},{"taxonomy":"product_tag","embeddable":true,"href":"https:\/\/kronsafety.com\/shop\/wp-json\/wp\/v2\/product_tag?post=751"}],"curies":[{"name":"wp","href":"https:\/\/api.w.org\/{rel}","templated":true}]}}