{"id":811,"date":"2018-03-04T06:44:49","date_gmt":"2018-03-04T05:44:49","guid":{"rendered":"http:\/\/kronaction.com\/shop\/?post_type=product&#038;p=811"},"modified":"2018-03-04T06:44:49","modified_gmt":"2018-03-04T05:44:49","slug":"erste-hilfe-rucksack-klein","status":"publish","type":"product","link":"https:\/\/kronsafety.com\/shop\/produkt\/erste-hilfe-rucksack-klein\/","title":{"rendered":"Erste Hilfe Rucksack Klein"},"content":{"rendered":"<p>Preisg\u00fcnstige Rucksackl\u00f6sung. Im Korpus k\u00f6nnen Innentaschen verschiedener Gr\u00f6\u00dfen eingeklettet werden. Im Deckel ist Platz f\u00fcr Dokumentation und Kleinmaterial. Au\u00dfen an der Vorderseite ist ein Klettstreifen zur Befestigung<br \/>\neines Reflexschildes mit individuellem Druck angebracht. Kleines Beschriftungsfeld auf der R\u00fcckseite.<\/p>\n","protected":false},"excerpt":{"rendered":"<p>Preisg\u00fcnstige Rucksackl\u00f6sung. Im Korpus k\u00f6nnen Innentaschen verschiedener Gr\u00f6\u00dfen eingeklettet werden. Im Deckel ist Platz f\u00fcr Dokumentation und Kleinmaterial. Au\u00dfen an der Vorderseite ist ein Klettstreifen zur Befestigung eines Reflexschildes mit individuellem Druck angebracht. Kleines Beschriftungsfeld auf der R\u00fcckseite.<\/p>\n","protected":false},"featured_media":818,"template":"","meta":[],"product_cat":[367,377],"product_tag":[],"_links":{"self":[{"href":"https:\/\/kronsafety.com\/shop\/wp-json\/wp\/v2\/product\/811"}],"collection":[{"href":"https:\/\/kronsafety.com\/shop\/wp-json\/wp\/v2\/product"}],"about":[{"href":"https:\/\/kronsafety.com\/shop\/wp-json\/wp\/v2\/types\/product"}],"wp:featuredmedia":[{"embeddable":true,"href":"https:\/\/kronsafety.com\/shop\/wp-json\/wp\/v2\/media\/818"}],"wp:attachment":[{"href":"https:\/\/kronsafety.com\/shop\/wp-json\/wp\/v2\/media?parent=811"}],"wp:term":[{"taxonomy":"product_cat","embeddable":true,"href":"https:\/\/kronsafety.com\/shop\/wp-json\/wp\/v2\/product_cat?post=811"},{"taxonomy":"product_tag","embeddable":true,"href":"https:\/\/kronsafety.com\/shop\/wp-json\/wp\/v2\/product_tag?post=811"}],"curies":[{"name":"wp","href":"https:\/\/api.w.org\/{rel}","templated":true}]}}